 d = 0. What is the tens digit of f?
3
Suppose 17*n - 273 = 2379. What is the units digit of n?
6
Let l(a) = -34*a**2 - 2*a + 1. Let g be l(1). Suppose 0 = u - 5*d - 16, -2*d = 16 - 10. Let i = u - g. What is the tens digit of i?
3
Let s(n) = -12*n - 18. Let i be s(-5). Suppose i*q = 38*q + 120. What is the tens digit of q?
3
Suppose 93*z = 84*z + 4176. What is the hundreds digit of z?
4
Suppose -3*l + 3617 = 3*z + l, -5*l = -5*z + 6040. What is the hundreds digit of z?
2
Suppose -14*n + 10*n - 6752 = -4*w, -4*w - 4*n + 6768 = 0. What is the tens digit of w?
9
What is the units digit of (2589 - 3) + (-3 - -1)/2?
5
Let a(p) be the first derivative of p**4/4 - 8*p**3/3 - 9*p**2/2 + 5*p + 4. Let q be a(10). Let d = q + -73. What is the tens digit of d?
4
Let c = 258 + 68. What is the tens digit of c?
2
Let o(w) = w**2 + 2*w - 9. Let i be o(-4). Let h be ((-4)/(-4))/(i/(-36)). Suppose h = 4*c - 200. What is the units digit of c?
9
Let l(z) = -10*z**2 + 65*z - 4. What is the tens digit of l(6)?
2
Suppose -1 = -4*c + p - 14, 8 = c - 4*p. Let w = c + 5. Suppose -w = -b - 0. What is the units digit of b?
1
Let u be (-2)/10 - 6/(-30). Suppose u = 3*r - 2*r - 5. Suppose -r*g + 259 = 74. What is the units digit of g?
7
Let z = -1468 - -2435. What is the units digit of z?
7
Let u be ((-364)/(-39))/(2/3). Suppose -3*p - 1298 = -u*p. What is the hundreds digit of p?
1
Suppose 5*p - 3*s - 22802 = 0, 3 = -3*s - 9. What is the tens digit of p?
5
Suppose -10*u + 13*u - 12 = 0. What is the units digit of (((-270)/u)/(-3))/(12/24)?
5
Let q = 167 + 849. What is the hundreds digit of q?
0
Let g = 2376 - 1143. What is the tens digit of g?
3
Let b = 220 + 1692. What is the units digit of b?
2
Let t = -106 + 27. Let l = t - -235. What is the tens digit of l?
5
Let s(t) = -2 - 9 - 5 + 19*t. Let y be s(7). Suppose 0 = -7*i + 4*i + y. What is the units digit of i?
9
Let a(y) = 35*y - 1. Let g be a(1). Let w = 91 - g. What is the units digit of w?
7
Suppose 4*c + 4*c = 48. Let a(y) = 3*y - c*y + 17*y + 4. What is the tens digit of a(4)?
6
Suppose -29*u + 20336 = 645. What is the units digit of u?
9
Suppose -8 = -m + 25. What is the tens digit of m?
3
Let w(c) = -c**3 - c - 1. Let f(a) = -3*a**3 - 15*a**2 - 8*a + 22. Let d(y) = f(y) - 2*w(y). What is the hundreds digit of d(-15)?
1
Let g be 5/20 - (-4317)/12. Suppose 33*n = 28*n + g. What is the units digit of n?
2
Let s(u) = -u**2 + 3*u + 3. Let w be s(3). Suppose y + 5*k = -115, w*k + 3 = 4*k. Let c = 187 + y. What is the units digit of c?
7
Let l be ((-42)/3)/7*(-2)/2. Suppose -l*r + 222 = 2*i, 5*r + 208 = -i + 3*i. What is the units digit of i?
9
Let p = -59 - -63. Let q(z) = 5*z**2 - 9*z + 12. What is the tens digit of q(p)?
5
What is the units digit of (-19)/6*(-40 - -28)?
8
Suppose -5*h - 531 = -2281. Suppose 244 = 2*r - 3*z - 96, -2*r = 2*z - h. What is the tens digit of r?
7
Suppose -13 + 21 = -2*o. What is the units digit of ((-735)/(-10))/((-3)/o)?
8
Suppose -4*l - 1 = -3*l, -3*u + 5 = -5*l. Suppose u = -4*b + 4, -v + 415 = v - 5*b. What is the hundreds digit of v?
2
Suppose -4*v = 4*h - 32, 2*h = 2*v + 3*v - 5. Suppose 3*n + h*x - 2*x - 399 = 0, n - 4*x - 158 = 0. What is the units digit of n?
8
Let v(d) = 27*d - 3. Let o = 37 + -34. What is the units digit of v(o)?
8
Suppose 5*f - 2873 = 2*c + 1726, 4*f - 3696 = -4*c. What is the hundreds digit of f?
9
Let u(w) = w**2 - 4. Let n(i) = 4*i**2 - 8*i + 6. Let c be n(3). Let h be 6 - (-9)/(c/4). What is the units digit of u(h)?
0
Let o = 66 - 98. Let p be 9/(-4)*o/3. Let a = p + -13. What is the units digit of a?
1
Let u be (1 - 0) + (3 - 0). Let o = 9 - u. Suppose -3*w - o*g + 51 = 0, -w + 3*g = g - 6. What is the tens digit of w?
1
Suppose 0 = 3*v + 15, 252 = 2*d + 2*v - 200. What is the tens digit of d?
3
Let d = -84 - -82. Let f be 39 + (-1 + 0 - -2). Let r = f + d. What is the tens digit of r?
3
Suppose 799 = 5*q - 1236. What is the hundreds digit of q?
4
Let o(h) = -h**3 - 2*h**2 + 3*h + 1. Let c(a) be the third derivative of a**6/120 - a**4/12 + 5*a**2. Let k be c(-2). What is the units digit of o(k)?
1
Let g = 1350 + -726. Let d be (-4)/22 - g/(-44). What is the tens digit of (d/(-8))/((-10)/160)?
2
Suppose -3*t = -3, -2*p + 5746 = -5*t + t. What is the thousands digit of p?
2
Let o(s) = 58*s - 203. What is the tens digit of o(15)?
6
Let l(r) = 4*r**2. Let g = 14 + -13. Let s be l(g). Suppose c + 12 - 32 = 2*a, -124 = -5*c + s*a. What is the units digit of c?
8
Let h be ((-120)/25)/(-3) + (-4)/(-10). Suppose 1132 = z - 506. What is the units digit of h/(-5) - z/(-45)?
6
Suppose -r + x + 4*x + 27 = 0, -5*r = 3*x - 135. Let d = 1 + 12. Suppose d = v - r. What is the tens digit of v?
4
Suppose 2*u - 10 = -2*r, 3 = r + 4*u - u. Suppose -7*h = -r*h + 8. What is the units digit of 2*(20/h)/(-5)?
1
Let a(m) = m**2 + 7*m + 18. Let g be a(-5). What is the hundreds digit of (-6)/g + (-27)/(-36) + 126?
1
Suppose 5*t = 3*k + 138, -t - 5*k = -5*t + 100. Let v = t + 7. What is the units digit of v?
7
Let n(g) = g**3 + g**2 - 2*g + 66. Suppose -5*a - 5*k = -0*a + 15, 0 = -2*a - k - 3. What is the tens digit of n(a)?
6
Let c = 542 - 266. Let s = c + -176. What is the hundreds digit of s?
1
Let s(n) = n**3 - 6*n**2 + 2*n - 14. Let i be s(11). Suppose 5*p - 17 = i. What is the hundreds digit of p?
1
Let x = 119 + 104. What is the tens digit of x?
2
Let n(z) = -z**3 - 7*z**2 + 32*z - 16. What is the tens digit of n(-14)?
0
Let l(x) = 20*x**2 + 8*x - 8. Let g be l(4). Suppose 23*s - g = 21*s. What is the hundreds digit of s?
1
Suppose 2*h - 180 = -4*h. What is the hundreds digit of 4/h - (-37443)/315?
1
Let z = -182 + 241. What is the tens digit of z?
5
Suppose -2403 = -b + n, 0*b + 4*n = 2*b - 4804. What is the tens digit of b?
0
Let y(k) = 3*k**2 - 11*k - 1. Suppose -2*f + 5 + 5 = 0. What is the units digit of y(f)?
9
Let g = 129 - 79. Suppose -k + g = 4*k. What is the tens digit of (-4)/10 - (-194)/k?
1
Suppose -5*y + 234 = j, -4*y + 1170 = 5*j - 0*y. What is the hundreds digit of j?
2
Let b be (-5)/(-35) + 6508/14. Suppose 5*a - b = 445. What is the tens digit of a?
8
Let b be (2 - 0)*-1*-1. Suppose 3*c = -b*n - 5, -2*c = 3*n - n + 2. Suppose 3*u = -n*u + 25, -3*u + 135 = 4*g. What is the units digit of g?
0
Suppose -v - 12 = -16. What is the tens digit of (-1)/(v - (-249)/(-62))?
6
Let m = -490 + 233. Let b = -117 - m. What is the units digit of b?
0
Suppose 1 = 59*y - 60*y, 5*g + 5*y = 1665. What is the hundreds digit of g?
3
Suppose 0*g - 10 = -5*g. Let n(x) be the third derivative of 7*x**6/120 - x**5/20 + x**4/24 + x**3/3 - 10*x**2. What is the units digit of n(g)?
8
Let h = 24 + -22. Let d(u) = -3*u**3 + 9*u**2 + 6*u + 6*u**3 + 3 - 2*u**3 - u**h. What is the units digit of d(-7)?
0
Suppose 2*f = 5*f - 6. Let n be 221/f + 4/(-8). Suppose -k + n = 4*k. What is the units digit of k?
2
Let m = 240 + -169. Suppose 6*r - m = 409. What is the tens digit of r?
8
Let a(b) = b**3 - 8*b**2 - 5*b + 15. Suppose 2*y = -3*x + 32, 2*y - x - 16 + 0 = 0. What is the tens digit of a(y)?
6
Let t(p) = -94*p + 112. What is the hundreds digit of t(-16)?
6
Let t be -4 + (0 - (-3 - -1)). What is the tens digit of (-3 - 19)/(t/5)?
5
Suppose b - 9*b = 3*b. Let w = 44 - b. What is the units digit of w?
4
Let s(r) = r + 15. Let l be s(-9). Let x be 73/l + 2/(-12). Let i = x - -9. What is the tens digit of i?
2
Let v(p) = -5*p**3 + p**2 + 2*p + 23. Let g(f) = -9*f**3 + f**2 + 4*f + 45. Let q(r) = 6*g(r) - 11*v(r). What is the units digit of q(5)?
7
Let o be -3 - -2 - (-3 - 1). Suppose 107 + 205 = o*b. What is the tens digit of 40/16*b/5?
5
Let k(d) = 415*d + 34. What is the hundreds digit of k(3)?
2
Let y(c) = c - 4. Let t be y(4). Let u(g) be the second derivative of -g**5/20 + g**4/12 + g**3/6 + 5*g**2/2 - 14*g. What is the units digit of u(t)?
5
Suppose -h - 48 = 2*z + 246, 0 = 4*h - 2*z + 1146. Let u = h - -503. What is the units digit of u?
5
Suppose -2*j + 4830 = 5*g, 0 = 3*g + 5*j - j - 2898. What is the units digit of g?
6
Let n be (4 + 36/(-15))*(-155)/(-2). Suppose 2*x - x = n. What is the tens digit of x?
2
Suppose 2*t - 3*t + 1 = 0. Let a be (12/16*4)/t. Suppose a*s - s = 20. What is the tens digit of s?
1
Let q = -6 - 2. Let m = 11 + q. Suppose -3*g + 96 - 23 = -d, -g + m*d + 35